divided by 167.
4
What is the remainder when 141 is divided by 16?
13
What is the remainder when 677 is divided by 321?
35
What is the remainder when 800 is divided by 22?
8
What is the remainder when 423 is divided by 40?
23
What is the remainder when 5158 is divided by 30?
28
Calculate the remainder when 861 is divided by 31.
24
What is the remainder when 3165 is divided by 1046?
27
What is the remainder when 204 is divided by 106?
98
What is the remainder when 537 is divided by 54?
51
What is the remainder when 1815 is divided by 18?
15
What is the remainder when 464 is divided by 31?
30
Calculate the remainder when 1827 is divided by 6.
3
Calculate the remainder when 2454 is divided by 27.
24
What is the remainder when 371 is divided by 62?
61
Calculate the remainder when 82 is divided by 4.
2
What is the remainder when 1550 is divided by 258?
2
Calculate the remainder when 32 is divided by 19.
13
Calculate the remainder when 593 is divided by 56.
33
What is the remainder when 187 is divided by 85?
17
What is the remainder when 1475 is divided by 31?
18
What is the remainder when 341 is divided by 18?
17
Calculate the remainder when 2742 is divided by 229.
223
What is the remainder when 187 is divided by 56?
19
Calculate the remainder when 154 is divided by 13.
11
Calculate the remainder when 4367 is divided by 190.
187
What is the remainder when 594 is divided by 35?
34
What is the remainder when 94 is divided by 32?
30
Calculate the remainder when 182 is divided by 17.
12
What is the remainder when 290 is divided by 72?
2
Calculate the remainder when 788 is divided by 50.
38
What is the remainder when 635 is divided by 49?
47
Calculate the remainder when 1980 is divided by 24.
12
Calculate the remainder when 99 is divided by 9.
0
What is the remainder when 9803 is divided by 57?
56
Calculate the remainder when 2180 is divided by 64.
4
What is the remainder when 318 is divided by 11?
10
What is the remainder when 542 is divided by 29?
20
Calculate the remainder when 176 is divided by 115.
61
Calculate the remainder when 208 is divided by 42.
40
What is the remainder when 2390 is divided by 26?
24
Calculate the remainder when 1047 is divided by 104.
7
What is the remainder when 40011 is divided by 39?
36
Calculate the remainder when 115 is divided by 33.
16
What is the remainder when 55 is divided by 37?
18
What is the remainder when 1423 is divided by 202?
9
What is the remainder when 59 is divided by 12?
11
Calculate the remainder when 944 is divided by 13.
8
What is the remainder when 3761 is divided by 57?
56
What is the remainder when 154 is divided by 70?
14
Calculate the remainder when 7849 is divided by 33.
28
What is the remainder when 82 is divided by 28?
26
What is the remainder when 21 is divided by 14?
7
Calculate the remainder when 392 is divided by 77.
7
What is the remainder when 1352 is divided by 17?
9
Calculate the remainder when 411 is divided by 30.
21
What is the remainder when 610 is divided by 17?
15
What is the remainder when 298 is divided by 26?
12
What is the remainder when 917 is divided by 16?
5
What is the remainder when 263 is divided by 32?
7
What is the remainder when 543 is divided by 34?
33
Calculate the remainder when 4423 is divided by 26.
3
What is the remainder when 794 is divided by 14?
10
Calculate the remainder when 369 is divided by 44.
17
What is the remainder when 47 is divided by 6?
5
Calculate the remainder when 174 is divided by 4.
2
What is the remainder when 2384 is divided by 344?
320
What is the remainder when 314 is divided by 77?
6
What is the remainder when 36 is divided by 24?
12
What is the remainder when 75 is divided by 29?
17
Calculate the remainder when 2558 is divided by 719.
401
Calculate the remainder when 917 is divided by 257.
146
Calculate the remainder when 83 is divided by 38.
7
Calculate the remainder when 317 is divided by 5.
2
What is the remainder when 880 is divided by 12?
4
Calculate the remainder when 879 is divided by 44.
43
What is the remainder when 678 is divided by 68?
66
What is the remainder when 1097 is divided by 37?
24
Calculate the remainder when 357 is divided by 24.
21
Calculate the remainder when 475 is divided by 157.
4
Calculate the remainder when 1380 is divided by 687.
6
Calculate the remainder when 113 is divided by 36.
5
Calculate the remainder when 4021 is divided by 122.
117
Calculate the remainder when 96 is divided by 17.
11
Calculate the remainder when 2512 is divided by 29.
18
What is the remainder when 50 is divided by 22?
6
What is the remainder when 1111 is divided by 65?
6
Calculate the remainder when 54 is divided by 48.
6
What is the remainder when 887 is divided by 16?
7
What is the remainder when 3269 is divided by 408?
5
What is the remainder when 1992 is divided by 57?
54
Calculate the remainder when 181 is divided by 11.
5
Calculate the remainder when 689 is divided by 239.
211
What is the remainder when 1894 is divided by 80?
54
What is the remainder when 1293 is divided by 6?
3
What is the remainder when 3274 is divided by 24?
10
Calculate the remainder when 4857 is divided by 113.
111
What is the remainder when 407 is divided by 104?
95
What is the remainder when 427 is divided by 143?
141
Calculate the remainder when 1574 is divided by 45.
44
Calculate the remainder when 108 is divided by 28.
24
What is the remainder when 375 is divided by 13?
11
What is the remainder when 429 is divided by 104?
13
Calculate the remainder when 249 is divided by 65.
54
What is the remainder when 173 is divided by 35?
33
Calculate the remainder when 208 is divided by 19.
18
Calculate the remainder when 1381 is divided by 99.
94
Calculate the remainder when 146 is divided by 17.
10
What is the remainder when 138 is divided by 34?
2
Calculate the remainder when 111 is divided by 19.
16
Calculate the remainder when 172 is divided by 46.
34
Calculate the remainder when 305 is divided by 12.
5
Calculate the remainder when 334 is divided by 120.
94
Calculate the remainder when 3689 is divided by 13.
10
Calculate the remainder when 628 is divided by 60.
28
What is the remainder when 5771 is divided by 445?
431
What is the remainder when 315 is divided by 306?
9
What is the remainder when 445 is divided by 16?
13
Calculate the remainder when 278 is divided by 7.
5
Calculate the remainder when 6126 is divided by 11.
10
What is the remainder when 40 is divided by 40?
0
Calculate the remainder when 1655 is divided by 810.
35
Calculate the remainder when 705 is divided by 12.
9
What is the remainder when 157 is divided by 4?
1
Calculate the remainder when 390 is divided by 17.
16
Calculate the remainder when 58 is divided by 18.
4
What is the remainder when 78 is divided by 41?
37
Calculate the remainder when 487 is divided by 79.
13
What is the remainder when 5236 is divided by 57?
49
Calculate the remainder when 888 is divided by 7.
6
Calculate the remainder when 1183 is divided by 36.
31
Calculate the remainder when 622 is divided by 124.
2
What is the remainder when 124 is divided by 33?
25
Calculate the remainder when 2294 is divided by 8.
6
What is the remainder when 23 is divided by 13?
10
Calculate the remainder when 2806 is divided by 24.
22
Calculate the remainder when 395 is divided by 66.
65
Calculate the remainder when 452 is divided by 69.
38
Calculate the remainder when 179 is divided by 54.
17
Calculate the remainder when 133 is divided by 45.
43
What is the remainder when 159 is divided by 5?
4
Calculate the remainder when 568 is divided by 72.
64
What is the remainder when 133 is divided by 30?
13
What is the remainder when 7162 is divided by 12?
10
Calculate the remainder when 791 is divided by 13.
11
Calculate the remainder when 1726 is divided by 36.
34
What is the remainder when 68 is divided by 20?
8
What is the remainder when 20812 is divided by 23?
20
What is the remainder when 157 is divided by 22?
3
What is the remainder when 854 is divided by 22?
18
What is the remainder when 4045 is divided by 57?
55
Calculate the remainder when 449 is divided by 11.
9
What is the remainder when 191 is divided by 67?
57
What is the remainder when 5970 is divided by 9?
3
Calculate the remainder when 60 is divided by 15.
0
What is the rema